or of 981 and 27795.
327
What is the highest common factor of 177 and 19824?
177
What is the greatest common factor of 85 and 585769?
17
Calculate the highest common factor of 1600 and 1459840.
320
What is the greatest common divisor of 24 and 547?
1
Calculate the greatest common divisor of 75 and 229395.
15
Calculate the greatest common factor of 232 and 34829.
29
What is the greatest common factor of 27279 and 14679?
63
Calculate the highest common divisor of 460327 and 28.
7
What is the greatest common divisor of 90 and 131070?
30
What is the highest common factor of 528651 and 27?
9
Calculate the greatest common factor of 1201695 and 165.
165
Calculate the greatest common divisor of 826 and 51632.
14
What is the greatest common factor of 19411 and 68971?
413
What is the greatest common factor of 14 and 301637?
7
What is the greatest common factor of 6539 and 546?
13
Calculate the greatest common factor of 31 and 171089.
31
Calculate the highest common divisor of 529802 and 1638.
182
What is the highest common factor of 4530 and 8640?
30
What is the greatest common factor of 1958 and 34087?
89
What is the highest common divisor of 93 and 3751093?
31
Calculate the highest common factor of 2790 and 77810.
310
What is the highest common divisor of 2331 and 5328?
333
Calculate the greatest common factor of 54 and 52182.
18
Calculate the greatest common divisor of 3059259 and 42.
21
Calculate the highest common divisor of 21 and 1160404.
7
What is the greatest common factor of 47508 and 17316?
444
What is the highest common factor of 18 and 23850?
18
Calculate the greatest common divisor of 1222 and 1924.
26
Calculate the greatest common divisor of 6660 and 990.
90
What is the highest common divisor of 1930833 and 1098?
549
Calculate the greatest common divisor of 7134 and 4292.
58
Calculate the highest common divisor of 129 and 658459.
43
What is the highest common factor of 831 and 355945?
277
Calculate the highest common divisor of 52 and 3260.
4
Calculate the highest common divisor of 12 and 51027.
3
Calculate the highest common divisor of 56628 and 108.
36
What is the greatest common divisor of 260 and 28015?
65
Calculate the highest common factor of 296072 and 1309.
119
What is the greatest common divisor of 552 and 69690?
138
What is the highest common factor of 32079 and 8177?
629
What is the highest common divisor of 7 and 2473?
1
Calculate the greatest common factor of 63 and 414351.
63
Calculate the greatest common divisor of 1074 and 102.
6
What is the greatest common factor of 3125354 and 226?
226
What is the greatest common divisor of 101 and 531866?
101
Calculate the greatest common divisor of 851 and 184.
23
Calculate the greatest common divisor of 2499 and 374017.
833
What is the greatest common factor of 320560 and 30?
10
Calculate the highest common factor of 402336 and 5148.
396
What is the highest common divisor of 179220 and 464?
116
What is the highest common divisor of 2980 and 2060?
20
What is the greatest common factor of 111563 and 116?
29
What is the greatest common factor of 4416 and 750?
6
What is the highest common divisor of 3618 and 1566?
54
Calculate the greatest common divisor of 16 and 548176.
16
Calculate the greatest common factor of 672 and 6237.
21
Calculate the highest common factor of 5004 and 30.
6
What is the highest common divisor of 5396 and 20?
4
What is the greatest common divisor of 52 and 592189?
13
What is the greatest common factor of 735930 and 10?
10
What is the greatest common factor of 246636 and 15028?
884
Calculate the highest common divisor of 708 and 12390.
354
What is the greatest common divisor of 53273 and 464?
29
Calculate the greatest common divisor of 151 and 1550468.
151
Calculate the greatest common factor of 66894 and 4.
2
What is the greatest common divisor of 112 and 240?
16
What is the highest common factor of 1111 and 2332?
11
What is the greatest common factor of 32 and 22432?
32
Calculate the highest common factor of 3896 and 3.
1
Calculate the greatest common divisor of 736281 and 182.
91
Calculate the greatest common factor of 84 and 17661.
21
Calculate the greatest common factor of 519 and 711549.
519
What is the greatest common factor of 819 and 6201?
117
What is the highest common divisor of 815188 and 291?
97
Calculate the greatest common factor of 25020 and 40.
20
What is the greatest common factor of 40832 and 11803?
319
What is the highest common divisor of 7752 and 1653?
57
What is the highest common factor of 618 and 73954?
206
What is the greatest common factor of 103356 and 594?
594
What is the greatest common divisor of 238 and 10591?
119
What is the highest common divisor of 3022 and 119369?
1511
Calculate the highest common divisor of 108 and 7290.
54
Calculate the greatest common factor of 8 and 624012.
4
Calculate the greatest common factor of 8 and 8186536.
8
What is the greatest common divisor of 122 and 42761?
61
What is the highest common divisor of 7980 and 9861?
57
Calculate the greatest common divisor of 250236 and 1134.
378
Calculate the greatest common factor of 74 and 1818.
2
What is the greatest common divisor of 5 and 1745?
5
Calculate the greatest common divisor of 208 and 6812.
52
What is the greatest common factor of 4472 and 2795?
559
Calculate the greatest common factor of 69039 and 63.
9
What is the highest common divisor of 40150 and 880?
110
What is the highest common factor of 3740 and 536?
4
Calculate the greatest common divisor of 12535 and 20.
5
What is the highest common factor of 432 and 10476?
108
What is the highest common divisor of 17 and 3137809?
17
What is the highest common factor of 90 and 373335?
15
What is the greatest common divisor of 37784 and 8?
8
What is the highest common factor of 2 and 21601?
1
What is the greatest common divisor of 195 and 47697?
39
What is the greatest common factor of 1422 and 6681?
3
What is the highest common factor of 20150 and 93310?
310
What is the greatest common factor of 488 and 1095316?
244
Calculate the greatest common divisor of 5805 and 258.
129
Calculate the highest common divisor of 196 and 11636.
4
What is the highest common divisor of 27246 and 342?
114
What is the highest common factor of 4379820 and 60?
60
What is the highest common divisor of 17071807 and 29?
29
Calculate the greatest common factor of 236 and 2329379.
59
Calculate the greatest common divisor of 486796 and 5240.
524
What is the greatest common factor of 597930 and 57?
57
What is the greatest common factor of 3946264 and 28?
28
What is the highest common factor of 42 and 9322?
2
Calculate the highest common factor of 888 and 20868.
444
Calculate the highest common divisor of 73138 and 520.
26
Calculate the highest common divisor of 73 and 465667.
73
What is the greatest common divisor of 5696964 and 4888?
2444
Calculate the greatest common divisor of 19 and 312417.
19
What is the highest common divisor of 12305095 and 473?
473
What is the highest common divisor of 197964 and 91?
13
Calculate the greatest common divisor of 5087912 and 16.
8
What is the greatest common divisor of 228 and 502284?
228
What is the highest common divisor of 94 and 50619?
47
What is the greatest common divisor of 619157 and 357?
119
What is the highest common factor of 14 and 161182?
14
What is the highest common divisor of 3608 and 16528?
8
What is the highest common factor of 5 and 907415?
5
What is the highest common divisor of 47530 and 34435?
485
What is the highest common divisor of 8134 and 245?
49
Calculate the greatest common divisor of 902 and 231855.
41
Calculate the highest common factor of 2122300 and 100.
100
Calculate the highest common divisor of 416 and 573664.
416
Calculate the highest common factor of 264075 and 225.
75
Calculate the highest common factor of 116949 and 21.
21
Calculate the highest common divisor of 163680 and 3534.
186
What is the greatest common factor of 4 and 37382?
2
What is the greatest common factor of 473 and 54923?
11
Calculate the highest common factor of 178 and 2731321.
89
What is the greatest common factor of 133596 and 432?
108
What is the greatest common factor of 1054 and 25262?
34
What is the greatest common factor of 2739 and 1892400?
249
What is the highest common factor of